{"id":89595,"date":"2022-03-21T12:19:38","date_gmt":"2022-03-21T10:19:38","guid":{"rendered":"https:\/\/lilleogsnille.com\/?post_type=product&#038;p=89595"},"modified":"2025-07-29T11:02:13","modified_gmt":"2025-07-29T09:02:13","slug":"woolen-coat-carla-teddyfur","status":"publish","type":"product","link":"https:\/\/lilleogsnille.com\/no\/product\/woolen-coat-carla-teddyfur\/","title":{"rendered":"Ullk\u00e5pe Charlie"},"content":{"rendered":"<p>Denne s\u00f8te k\u00e5pen er perfekt \u00e5 bruke p\u00e5 kalde dager.<\/p>\n<p>Den passer for jenter og gutter.<\/p>\n<p>Laget av 100 % varm virgin ull (kokt ull) med mansjetter i myk merinoull.<br \/>\nHetten er foret myk bomulls teddy (ufarget). Mansjettene er av mykt \u00f8kologisk merinoull. De er extra lange, s\u00e5 denne s\u00f8te jakken vokser med din lille en god stund.<\/p>\n<p>Veldig stilig!<\/p>\n<p>Takket v\u00e6re ullen er denne jakken vann-avst\u00f8tende og pustende. Den er perfekt for utend\u00f8rs og holder den lille t\u00f8rr og varm, men ikke for varm! Den er ogs\u00e5 perfekt for \u00e5 sove i barnevognen ute.<\/p>\n<p>Den kommer romslig i st\u00f8rrelse og vokser sammen med den lille en god stund. S\u00e5 f\u00e5r du mye glede med den! Hvis du ikke er sikker p\u00e5 st\u00f8rrelsen, kan du kontakte meg p\u00e5 forh\u00e5nd eller skrive m\u00e5lingene til den lille (fra topp til t\u00e5, st\u00f8rrelse p\u00e5 magen in cm).<\/p>\n<p>Laget av:<\/p>\n<p>100% ren ny ull, Oekotex 100 sertifisert, mulesing fri<\/p>\n<p>Lining hood: 100% organic cotton, GOTS certified, undyed<\/p>\n<p>Mansjetter: 97% merino ull, kbt, mulesing fri, 3 % elastane, GOTS sertifisert<\/p>\n<p>&nbsp;<\/p>\n<p>Materiale:<\/p>\n<p>Kokt ull<\/p>\n<p>Kokt ull er et naturlig produkt. Gjennom kokeprosessen blir ullen strammere og veldig tett. Den er derfor varmere og motstandsdyktig mot vann og vind.<\/p>\n<p>Care<\/p>\n<p>Naturlig ull inneholder lanolin (ullvoks), som gir den antibakterielle egenskaper. Ullstoffer trenger ikke \u00e5 rengj\u00f8res veldig ofte. Lanolinen forhindrer at den lukter og holder den ren. Grovt smuss kan fjernes med en fuktig klut n\u00e5r den t\u00f8rkes. Du b\u00f8r ogs\u00e5 lufte produktet fra tid til annen. Hvis du virkelig trenger \u00e5 vaske den, kan du bruke h\u00e5ndvask med kaldt vann og ullvaskemiddel og t\u00f8rke flatt.<\/p>\n<p>Produkter med f\u00f4r: F\u00f4ret er allerede forvasket forsiktig og produktet er klart til bruk.<\/p>\n","protected":false},"excerpt":{"rendered":"<p>Denne s\u00f8te k\u00e5pen er perfekt \u00e5 bruke p\u00e5 kalde dager. Den passer for jenter og gutter. Laget av 100 % varm virgin ull (kokt ull) med mansjetter i myk merinoull. Hetten er foret myk bomulls teddy (ufarget). Mansjettene er av mykt \u00f8kologisk merinoull. De er extra lange, s\u00e5 denne s\u00f8te jakken vokser med din lille [&hellip;]<\/p>\n","protected":false},"featured_media":105447,"comment_status":"open","ping_status":"closed","template":"","meta":{"_coblocks_attr":"","_coblocks_dimensions":"","_coblocks_responsive_height":"","_coblocks_accordion_ie_support":"","advanced_seo_description":"","jetpack_seo_html_title":"","jetpack_seo_noindex":false,"jetpack_seo_schema_type":"","jetpack_publicize_message":"{title}\n\n{excerpt}\n\n{url}","jetpack_publicize_feature_enabled":true,"jetpack_social_post_already_shared":true,"jetpack_social_options":{"image_generator_settings":{"template":"highway","default_image_id":0,"font":"","enabled":false},"version":2},"_wpas_customize_per_network":false},"product_brand":[],"product_cat":[8380,8843,8850],"product_tag":[],"class_list":["post-89595","product","type-product","status-publish","has-post-thumbnail","product_cat-jakker-kaper","product_cat-new-no","product_cat-ullklaer","pa_colorproduct-beige-melange-no","pa_colorproduct-brown-melange-no","pa_colorproduct-curry-no","pa_colorproduct-dusty-rose-no","pa_colorproduct-grey-melange-no","pa_colorproduct-navy-no","pa_colorproduct-plum-no","pa_colorproduct-rust-no","pa_size-eu-104-110-cm-no","pa_size-eu-110-116-cm-no","pa_size-eu-116-122-cm-no","pa_size-eu-122-128-cm-2-no","pa_size-eu-128-134-cm-2-no","pa_size-eu-134-140-cm-no","pa_size-eu-50-56-cm-no","pa_size-eu-56-62-cm-no","pa_size-eu-62-68-cm-no","pa_size-eu-68-74-cm-no","pa_size-eu-74-80-cm-no","pa_size-eu-80-86-cm-no","pa_size-eu-86-92-cm-no","pa_size-eu-92-98-cm-no","pa_size-eu-98-104-cm-no","first","instock","taxable","shipping-taxable","purchasable","product-type-variable","has-default-attributes"],"jetpack_publicize_connections":[],"jetpack_likes_enabled":true,"jetpack_sharing_enabled":true,"_links":{"self":[{"href":"https:\/\/lilleogsnille.com\/no\/wp-json\/wp\/v2\/product\/89595","targetHints":{"allow":["GET"]}}],"collection":[{"href":"https:\/\/lilleogsnille.com\/no\/wp-json\/wp\/v2\/product"}],"about":[{"href":"https:\/\/lilleogsnille.com\/no\/wp-json\/wp\/v2\/types\/product"}],"replies":[{"embeddable":true,"href":"https:\/\/lilleogsnille.com\/no\/wp-json\/wp\/v2\/comments?post=89595"}],"wp:featuredmedia":[{"embeddable":true,"href":"https:\/\/lilleogsnille.com\/no\/wp-json\/wp\/v2\/media\/105447"}],"wp:attachment":[{"href":"https:\/\/lilleogsnille.com\/no\/wp-json\/wp\/v2\/media?parent=89595"}],"wp:term":[{"taxonomy":"product_brand","embeddable":true,"href":"https:\/\/lilleogsnille.com\/no\/wp-json\/wp\/v2\/product_brand?post=89595"},{"taxonomy":"product_cat","embeddable":true,"href":"https:\/\/lilleogsnille.com\/no\/wp-json\/wp\/v2\/product_cat?post=89595"},{"taxonomy":"product_tag","embeddable":true,"href":"https:\/\/lilleogsnille.com\/no\/wp-json\/wp\/v2\/product_tag?post=89595"}],"curies":[{"name":"wp","href":"https:\/\/api.w.org\/{rel}","templated":true}]}}

Ullkåpe Charlie

<p>Denne søte kåpen er perfekt å bruke på kalde dager.</p>
<p>Den passer for jenter og gutter.</p>
<p>Laget av 100 % varm virgin ull (kokt ull) med mansjetter i myk merinoull.<br />
Hetten er foret myk bomulls teddy (ufarget). Mansjettene er av mykt økologisk merinoull. De er extra lange, så denne søte jakken vokser med din lille en god stund.</p>
<p>Veldig stilig!</p>
<p>Takket være ullen er denne jakken vann-avstøtende og pustende. Den er perfekt for utendørs og holder den lille tørr og varm, men ikke for varm! Den er også perfekt for å sove i barnevognen ute.</p>
<p>Den kommer romslig i størrelse og vokser sammen med den lille en god stund. Så får du mye glede med den! Hvis du ikke er sikker på størrelsen, kan du kontakte meg på forhånd eller skrive målingene til den lille (fra topp til tå, størrelse på magen in cm).</p>
<p>Laget av:</p>
<p>100% ren ny ull, Oekotex 100 sertifisert, mulesing fri</p>
<p>Lining hood: 100% organic cotton, GOTS certified, undyed</p>
<p>Mansjetter: 97% merino ull, kbt, mulesing fri, 3 % elastane, GOTS sertifisert</p>
<p>&nbsp;</p>
<p>Materiale:</p>
<p>Kokt ull</p>
<p>Kokt ull er et naturlig produkt. Gjennom kokeprosessen blir ullen strammere og veldig tett. Den er derfor varmere og motstandsdyktig mot vann og vind.</p>
<p>Care</p>
<p>Naturlig ull inneholder lanolin (ullvoks), som gir den antibakterielle egenskaper. Ullstoffer trenger ikke å rengjøres veldig ofte. Lanolinen forhindrer at den lukter og holder den ren. Grovt smuss kan fjernes med en fuktig klut når den tørkes. Du bør også lufte produktet fra tid til annen. Hvis du virkelig trenger å vaske den, kan du bruke håndvask med kaldt vann og ullvaskemiddel og tørke flatt.</p>
<p>Produkter med fôr: Fôret er allerede forvasket forsiktig og produktet er klart til bruk.</p>

<p>Denne søte kåpen er perfekt å bruke på kalde dager. Den passer for jenter og gutter. Laget av 100 % varm virgin ull (kokt ull) med mansjetter i myk merinoull. Hetten er foret myk bomulls teddy (ufarget). Mansjettene er av mykt økologisk merinoull. De er extra lange, så denne søte jakken vokser med din lille [&hellip;]</p>
