{"id":49466,"date":"2020-03-04T10:27:01","date_gmt":"2021-09-02T20:47:18","guid":{"rendered":"https:\/\/lilleogsnille.com\/product\/foret-ulljakke-jona-fargevalg\/"},"modified":"2025-05-15T14:44:38","modified_gmt":"2025-05-15T12:44:38","slug":"lined-woolen-jacket-magnus-winter-jacket","status":"publish","type":"product","link":"https:\/\/lilleogsnille.com\/no\/product\/lined-woolen-jacket-magnus-winter-jacket\/","title":{"rendered":"Ullk\u00e5pe Jona, Vinterjakke, teddyfor"},"content":{"rendered":"<p>Denne s\u00f8te k\u00e5pen er perfekt \u00e5 bruke p\u00e5 kalde dager. Perfekt for kalde vinterdager.<\/p>\n<p>Den er laget av 100 % varm virgin ull med mansjetter fra myk merinoull.<br \/>\nDen komplette jakken er foret med supermyk og varm sherpa i kremfarget (100% bomull, laget i Italia).<\/p>\n<p>Mansjettene er extra lange, s\u00e5 denne s\u00f8te jakken vokser med din lille veldig lang tid. P\u00e5 forsiden har den to lommer for alle de sm\u00e5 tingene den lille samler p\u00e5 sine turer. \ud83d\ude42<\/p>\n<p>Veldig stilig!<\/p>\n<p>Takket v\u00e6re ullen er denne jakken vann-avst\u00f8tende og pustende. Den er perfekt for utend\u00f8rs og holder den lille t\u00f8rr og varm, men ikke for varm! Den er ogs\u00e5 perfekt for \u00e5 sove i barnevognen ute.<\/p>\n<p>Den kommer romslig i st\u00f8rrelse og vokser sammen med den lille en god stund. S\u00e5 f\u00e5r du mye glede med den! Hvis du ikke er sikker p\u00e5 st\u00f8rrelsen, kan du kontakte meg p\u00e5 forh\u00e5nd eller skrive m\u00e5lingene til den lille (fra topp til t\u00e5, st\u00f8rrelse p\u00e5 magen in cm).<\/p>\n<p>&nbsp;<\/p>\n<p>Laget av:<\/p>\n<p>100% ren ny ull, Oekotex 100 setifisert<\/p>\n<p>F\u00f4r: 100% bomull, Oekotex 100-sertifisert, laget i Italia<\/p>\n<p>Mansjetter: 97% merino ull, kbt, mulesing fri, 3 % elastane, GOTS sertifisert<\/p>\n<p>Kokosknapper<\/p>\n<p>&nbsp;<\/p>\n<p>Materiale:<\/p>\n<p>Kokt ull<\/p>\n<p>Kokt ull er et naturlig produkt. Gjennom kokeprosessen blir ullen strammere og veldig tett. Kokt ull er derfor varmere, mer holdbar og motstandsdyktig mot vann og vind.<\/p>\n<p>Care<\/p>\n<p>Naturlig ull inneholder lanolin (ullvoks), som gir den antibakterielle egenskaper. Ullstoffer trenger ikke \u00e5 rengj\u00f8res veldig ofte. Lanolinen forhindrer at den lukter og holder den ren. Grovt smuss kan fjernes med en fuktig klut n\u00e5r den t\u00f8rkes. Du b\u00f8r ogs\u00e5 lufte produktet fra tid til annen. Hvis du virkelig trenger \u00e5 vaske den, kan du bruke h\u00e5ndvask med kaldt vann og ullvaskemiddel og t\u00f8rke flatt.<\/p>\n<p>Produkter med f\u00f4r: F\u00f4ret er allerede forvasket forsiktig og produktet er klart til bruk.<\/p>\n","protected":false},"excerpt":{"rendered":"<p>Denne s\u00f8te k\u00e5pen er perfekt \u00e5 bruke p\u00e5 kalde dager. Perfekt for kalde vinterdager. Den er laget av 100 % varm virgin ull med mansjetter fra myk merinoull. Den komplette jakken er foret med supermyk og varm sherpa i kremfarget (100% bomull, laget i Italia). Mansjettene er extra lange, s\u00e5 denne s\u00f8te jakken vokser med [&hellip;]<\/p>\n","protected":false},"featured_media":97621,"comment_status":"open","ping_status":"closed","template":"","meta":{"_coblocks_attr":"","_coblocks_dimensions":"","_coblocks_responsive_height":"","_coblocks_accordion_ie_support":"","_crdt_document":"","advanced_seo_description":"","jetpack_seo_html_title":"","jetpack_seo_noindex":false,"jetpack_publicize_message":"","jetpack_publicize_feature_enabled":true,"jetpack_social_post_already_shared":true,"jetpack_social_options":{"image_generator_settings":{"template":"highway","default_image_id":0,"font":"","enabled":false},"version":2},"_wpas_customize_per_network":false},"product_brand":[],"product_cat":[8380,8850],"product_tag":[],"class_list":{"0":"post-49466","1":"product","2":"type-product","3":"status-publish","4":"has-post-thumbnail","6":"product_cat-jakker-kaper","7":"product_cat-ullklaer","8":"product_shipping_class-norway-no","9":"pa_colorproduct-beige-melange-no","10":"pa_colorproduct-brown-melange-no","11":"pa_colorproduct-curry-no","12":"pa_colorproduct-dusty-rose-no","13":"pa_colorproduct-grey-melange-no","14":"pa_colorproduct-navy-no","15":"pa_colorproduct-plum-no","16":"pa_colorproduct-rust-no","17":"pa_size-eu-104-110-cm-no","18":"pa_size-eu-110-116-cm-no","19":"pa_size-eu-116-122-cm-no","20":"pa_size-eu-122-128-cm-2-no","21":"pa_size-eu-128-134-cm-2-no","22":"pa_size-eu-134-140-cm-no","23":"pa_size-eu-50-56-cm-no","24":"pa_size-eu-56-62-cm-no","25":"pa_size-eu-62-68-cm-no","26":"pa_size-eu-68-74-cm-no","27":"pa_size-eu-74-80-cm-no","28":"pa_size-eu-80-86-cm-no","29":"pa_size-eu-86-92-cm-no","30":"pa_size-eu-92-98-cm-no","31":"pa_size-eu-98-104-cm-no","33":"first","34":"instock","35":"taxable","36":"shipping-taxable","37":"purchasable","38":"product-type-variable","39":"has-default-attributes"},"jetpack_publicize_connections":[],"jetpack_likes_enabled":true,"jetpack_sharing_enabled":true,"_links":{"self":[{"href":"https:\/\/lilleogsnille.com\/no\/wp-json\/wp\/v2\/product\/49466","targetHints":{"allow":["GET"]}}],"collection":[{"href":"https:\/\/lilleogsnille.com\/no\/wp-json\/wp\/v2\/product"}],"about":[{"href":"https:\/\/lilleogsnille.com\/no\/wp-json\/wp\/v2\/types\/product"}],"replies":[{"embeddable":true,"href":"https:\/\/lilleogsnille.com\/no\/wp-json\/wp\/v2\/comments?post=49466"}],"wp:featuredmedia":[{"embeddable":true,"href":"https:\/\/lilleogsnille.com\/no\/wp-json\/wp\/v2\/media\/97621"}],"wp:attachment":[{"href":"https:\/\/lilleogsnille.com\/no\/wp-json\/wp\/v2\/media?parent=49466"}],"wp:term":[{"taxonomy":"product_brand","embeddable":true,"href":"https:\/\/lilleogsnille.com\/no\/wp-json\/wp\/v2\/product_brand?post=49466"},{"taxonomy":"product_cat","embeddable":true,"href":"https:\/\/lilleogsnille.com\/no\/wp-json\/wp\/v2\/product_cat?post=49466"},{"taxonomy":"product_tag","embeddable":true,"href":"https:\/\/lilleogsnille.com\/no\/wp-json\/wp\/v2\/product_tag?post=49466"}],"curies":[{"name":"wp","href":"https:\/\/api.w.org\/{rel}","templated":true}]}}

Ullkåpe Jona, Vinterjakke, teddyfor

<p>Denne søte kåpen er perfekt å bruke på kalde dager. Perfekt for kalde vinterdager.</p>
<p>Den er laget av 100 % varm virgin ull med mansjetter fra myk merinoull.<br />
Den komplette jakken er foret med supermyk og varm sherpa i kremfarget (100% bomull, laget i Italia).</p>
<p>Mansjettene er extra lange, så denne søte jakken vokser med din lille veldig lang tid. På forsiden har den to lommer for alle de små tingene den lille samler på sine turer. 🙂</p>
<p>Veldig stilig!</p>
<p>Takket være ullen er denne jakken vann-avstøtende og pustende. Den er perfekt for utendørs og holder den lille tørr og varm, men ikke for varm! Den er også perfekt for å sove i barnevognen ute.</p>
<p>Den kommer romslig i størrelse og vokser sammen med den lille en god stund. Så får du mye glede med den! Hvis du ikke er sikker på størrelsen, kan du kontakte meg på forhånd eller skrive målingene til den lille (fra topp til tå, størrelse på magen in cm).</p>
<p>&nbsp;</p>
<p>Laget av:</p>
<p>100% ren ny ull, Oekotex 100 setifisert</p>
<p>Fôr: 100% bomull, Oekotex 100-sertifisert, laget i Italia</p>
<p>Mansjetter: 97% merino ull, kbt, mulesing fri, 3 % elastane, GOTS sertifisert</p>
<p>Kokosknapper</p>
<p>&nbsp;</p>
<p>Materiale:</p>
<p>Kokt ull</p>
<p>Kokt ull er et naturlig produkt. Gjennom kokeprosessen blir ullen strammere og veldig tett. Kokt ull er derfor varmere, mer holdbar og motstandsdyktig mot vann og vind.</p>
<p>Care</p>
<p>Naturlig ull inneholder lanolin (ullvoks), som gir den antibakterielle egenskaper. Ullstoffer trenger ikke å rengjøres veldig ofte. Lanolinen forhindrer at den lukter og holder den ren. Grovt smuss kan fjernes med en fuktig klut når den tørkes. Du bør også lufte produktet fra tid til annen. Hvis du virkelig trenger å vaske den, kan du bruke håndvask med kaldt vann og ullvaskemiddel og tørke flatt.</p>
<p>Produkter med fôr: Fôret er allerede forvasket forsiktig og produktet er klart til bruk.</p>

<p>Denne søte kåpen er perfekt å bruke på kalde dager. Perfekt for kalde vinterdager. Den er laget av 100 % varm virgin ull med mansjetter fra myk merinoull. Den komplette jakken er foret med supermyk og varm sherpa i kremfarget (100% bomull, laget i Italia). Mansjettene er extra lange, så denne søte jakken vokser med [&hellip;]</p>
