{"id":44322,"date":"2020-03-18T15:54:33","date_gmt":"2021-08-18T07:27:50","guid":{"rendered":"https:\/\/lilleogsnille.com\/product\/lue-i-merinoull-merinostrikk\/"},"modified":"2025-01-17T15:43:15","modified_gmt":"2025-01-17T13:43:15","slug":"merino-wool-hat-grey-melange","status":"publish","type":"product","link":"https:\/\/lilleogsnille.com\/no\/product\/merino-wool-hat-grey-melange\/","title":{"rendered":"Balaklava i merinoull, fargevalg"},"content":{"rendered":"<p>Denne varme og myke balaklavaen er laget av extra fint merinoull fra Italia. Du kan bruke den hverdag, veldig praktisk for \u00e5 sove i barnevogn eller \u00e5 ha den under sykkelhelmen. Luen sitter veldig god og holder \u00f8rene og hals koselig varm.<\/p>\n<p>Laget er den av 2 lager merinoullstrikk fra Italia.<\/p>\n<p>Takket v\u00e6re ullen er denne luen vann- og smussavisende og pustende.<\/p>\n<p>&nbsp;<\/p>\n<p>Laget av:<\/p>\n<p>100% Merino ull, mulesing fri, Oekotex 100 sertifisert<\/p>\n<p>&nbsp;<\/p>\n<p>Materiale:<\/p>\n<p>Merinoullstrikk<\/p>\n<p>Ull er et naturprodukt og merinoull er en ekstra myk og behagelig ull. Denne luen er laget av to lag merinoull og perfekt \u00e5 ha p\u00e5 hele \u00e5ret.<\/p>\n<p>Care<\/p>\n<p>Naturlig ull inneholder lanolin (ullvoks), som gir den antibakterielle egenskaper. Ullstoffer trenger ikke \u00e5 rengj\u00f8res veldig ofte. Lanolinen forhindrer at den lukter og holder den ren. Grovt smuss kan fjernes med en fuktig klut n\u00e5r den t\u00f8rkes. Du b\u00f8r ogs\u00e5 lufte produktet fra tid til annen. Hvis du virkelig trenger \u00e5 vaske den, kan du bruke h\u00e5ndvask med kaldt vann og ullvaskemiddel og t\u00f8rke flatt.<\/p>\n<p>Produkter med f\u00f4r: F\u00f4ret er allerede forvasket forsiktig og produktet er klart til bruk.<\/p>\n","protected":false},"excerpt":{"rendered":"<p>Denne varme og myke balaklavaen er laget av extra fint merinoull fra Italia. Du kan bruke den hverdag, veldig praktisk for \u00e5 sove i barnevogn eller \u00e5 ha den under sykkelhelmen. Luen sitter veldig god og holder \u00f8rene og hals koselig varm. Laget er den av 2 lager merinoullstrikk fra Italia. Takket v\u00e6re ullen er [&hellip;]<\/p>\n","protected":false},"featured_media":101913,"comment_status":"closed","ping_status":"closed","template":"","meta":{"_coblocks_attr":"","_coblocks_dimensions":"","_coblocks_responsive_height":"","_coblocks_accordion_ie_support":"","_crdt_document":"","advanced_seo_description":"","jetpack_seo_html_title":"","jetpack_seo_noindex":false,"jetpack_publicize_message":"","jetpack_publicize_feature_enabled":true,"jetpack_social_post_already_shared":true,"jetpack_social_options":{"image_generator_settings":{"template":"highway","default_image_id":0,"font":"","enabled":false},"version":2},"_wpas_customize_per_network":false},"product_brand":[],"product_cat":[8373,8850],"product_tag":[],"class_list":{"0":"post-44322","1":"product","2":"type-product","3":"status-publish","4":"has-post-thumbnail","6":"product_cat-tilbehor","7":"product_cat-ullklaer","8":"product_shipping_class-norway-no","9":"pa_colour-curry-no","10":"pa_colour-fuchsia-no","11":"pa_colour-heather-no","12":"pa_colour-moss-green-no","13":"pa_colour-navy-no","14":"pa_colour-rust-no","15":"pa_colour-taupe-no","17":"first","18":"instock","19":"taxable","20":"shipping-taxable","21":"purchasable","22":"product-type-variable","23":"has-default-attributes"},"jetpack_publicize_connections":[],"jetpack_likes_enabled":true,"jetpack_sharing_enabled":true,"_links":{"self":[{"href":"https:\/\/lilleogsnille.com\/no\/wp-json\/wp\/v2\/product\/44322","targetHints":{"allow":["GET"]}}],"collection":[{"href":"https:\/\/lilleogsnille.com\/no\/wp-json\/wp\/v2\/product"}],"about":[{"href":"https:\/\/lilleogsnille.com\/no\/wp-json\/wp\/v2\/types\/product"}],"replies":[{"embeddable":true,"href":"https:\/\/lilleogsnille.com\/no\/wp-json\/wp\/v2\/comments?post=44322"}],"wp:featuredmedia":[{"embeddable":true,"href":"https:\/\/lilleogsnille.com\/no\/wp-json\/wp\/v2\/media\/101913"}],"wp:attachment":[{"href":"https:\/\/lilleogsnille.com\/no\/wp-json\/wp\/v2\/media?parent=44322"}],"wp:term":[{"taxonomy":"product_brand","embeddable":true,"href":"https:\/\/lilleogsnille.com\/no\/wp-json\/wp\/v2\/product_brand?post=44322"},{"taxonomy":"product_cat","embeddable":true,"href":"https:\/\/lilleogsnille.com\/no\/wp-json\/wp\/v2\/product_cat?post=44322"},{"taxonomy":"product_tag","embeddable":true,"href":"https:\/\/lilleogsnille.com\/no\/wp-json\/wp\/v2\/product_tag?post=44322"}],"curies":[{"name":"wp","href":"https:\/\/api.w.org\/{rel}","templated":true}]}}

<p>Denne varme og myke balaklavaen er laget av extra fint merinoull fra Italia. Du kan bruke den hverdag, veldig praktisk for å sove i barnevogn eller å ha den under sykkelhelmen. Luen sitter veldig god og holder ørene og hals koselig varm.</p>
<p>Laget er den av 2 lager merinoullstrikk fra Italia.</p>
<p>Takket være ullen er denne luen vann- og smussavisende og pustende.</p>
<p>&nbsp;</p>
<p>Laget av:</p>
<p>100% Merino ull, mulesing fri, Oekotex 100 sertifisert</p>
<p>&nbsp;</p>
<p>Materiale:</p>
<p>Merinoullstrikk</p>
<p>Ull er et naturprodukt og merinoull er en ekstra myk og behagelig ull. Denne luen er laget av to lag merinoull og perfekt å ha på hele året.</p>
<p>Care</p>
<p>Naturlig ull inneholder lanolin (ullvoks), som gir den antibakterielle egenskaper. Ullstoffer trenger ikke å rengjøres veldig ofte. Lanolinen forhindrer at den lukter og holder den ren. Grovt smuss kan fjernes med en fuktig klut når den tørkes. Du bør også lufte produktet fra tid til annen. Hvis du virkelig trenger å vaske den, kan du bruke håndvask med kaldt vann og ullvaskemiddel og tørke flatt.</p>
<p>Produkter med fôr: Fôret er allerede forvasket forsiktig og produktet er klart til bruk.</p>

<p>Denne varme og myke balaklavaen er laget av extra fint merinoull fra Italia. Du kan bruke den hverdag, veldig praktisk for å sove i barnevogn eller å ha den under sykkelhelmen. Luen sitter veldig god og holder ørene og hals koselig varm. Laget er den av 2 lager merinoullstrikk fra Italia. Takket være ullen er [&hellip;]</p>
